n 20742400 is divided by 5185594.
24
Calculate the remainder when 63469 is divided by 1061.
870
What is the remainder when 1254902 is divided by 214?
6
What is the remainder when 1645370 is divided by 533?
532
What is the remainder when 43717 is divided by 21811?
95
What is the remainder when 6500194 is divided by 225?
169
Calculate the remainder when 166125 is divided by 1213.
1157
Calculate the remainder when 19402406 is divided by 776096.
6
Calculate the remainder when 4398452 is divided by 721.
352
What is the remainder when 209920 is divided by 2556?
328
Calculate the remainder when 1472350 is divided by 1443.
490
What is the remainder when 115293 is divided by 11520?
93
What is the remainder when 45057319 is divided by 1621?
3
Calculate the remainder when 2682511 is divided by 47.
33
What is the remainder when 93721791 is divided by 462?
9
Calculate the remainder when 1218293 is divided by 793.
245
What is the remainder when 268107837 is divided by 520?
517
Calculate the remainder when 315692 is divided by 315653.
39
What is the remainder when 14378399 is divided by 422893?
37
Calculate the remainder when 28895523 is divided by 156192.
3
What is the remainder when 27945 is divided by 399?
15
What is the remainder when 128166 is divided by 130?
116
Calculate the remainder when 21240712 is divided by 53.
8
What is the remainder when 10471060 is divided by 4972?
28
Calculate the remainder when 1302439 is divided by 433894.
757
Calculate the remainder when 4792000 is divided by 4791949.
51
Calculate the remainder when 97160277 is divided by 711.
705
What is the remainder when 190210241 is divided by 190210224?
17
What is the remainder when 5729462 is divided by 37?
12
What is the remainder when 122268 is divided by 122096?
172
Calculate the remainder when 11598843 is divided by 2198.
2195
Calculate the remainder when 238605 is divided by 119298.
9
Calculate the remainder when 3041463 is divided by 2345.
2343
Calculate the remainder when 2622271 is divided by 30.
1
What is the remainder when 758106 is divided by 26?
24
What is the remainder when 200032 is divided by 199490?
542
What is the remainder when 125285702 is divided by 16?
6
What is the remainder when 5952501 is divided by 1984167?
0
Calculate the remainder when 140288 is divided by 201.
191
What is the remainder when 155963 is divided by 10394?
53
What is the remainder when 742567 is divided by 246787?
2206
What is the remainder when 3647025 is divided by 4107?
9
Calculate the remainder when 464146 is divided by 231889.
368
What is the remainder when 2682554 is divided by 3525?
29
What is the remainder when 4227754 is divided by 294?
34
What is the remainder when 206466 is divided by 9379?
128
What is the remainder when 5617335 is divided by 6570?
6555
What is the remainder when 32097875 is divided by 38?
35
What is the remainder when 636063 is divided by 824?
759
What is the remainder when 2517451 is divided by 167806?
361
Calculate the remainder when 15463263 is divided by 5154396.
75
What is the remainder when 5859834 is divided by 3730?
4
Calculate the remainder when 26685793 is divided by 75.
43
What is the remainder when 149436480 is divided by 44?
28
What is the remainder when 1581271 is divided by 33644?
3
What is the remainder when 5863584 is divided by 3484?
12
Calculate the remainder when 476890223 is divided by 175.
173
Calculate the remainder when 718553 is divided by 89805.
113
What is the remainder when 20749656 is divided by 6916549?
9
What is the remainder when 41865851 is divided by 84?
83
What is the remainder when 599826 is divided by 152?
34
What is the remainder when 429052 is divided by 441?
400
What is the remainder when 19873272 is divided by 20?
12
Calculate the remainder when 38197 is divided by 18539.
1119
What is the remainder when 245331512 is divided by 1?
0
What is the remainder when 10124 is divided by 306?
26
What is the remainder when 6086181 is divided by 2028727?
0
What is the remainder when 247221 is divided by 61692?
453
Calculate the remainder when 2519299 is divided by 419883.
1
What is the remainder when 5855424 is divided by 2927712?
0
What is the remainder when 30449 is divided by 6054?
179
Calculate the remainder when 752411 is divided by 686.
555
Calculate the remainder when 4295777 is divided by 2768.
2609
Calculate the remainder when 20366415 is divided by 73.
72
Calculate the remainder when 582479 is divided by 2942.
2905
What is the remainder when 607592 is divided by 7152?
6824
Calculate the remainder when 1050606 is divided by 350173.
87
Calculate the remainder when 54416411 is divided by 4218.
4211
Calculate the remainder when 210844 is divided by 740.
684
Calculate the remainder when 88257786 is divided by 44128880.
26
What is the remainder when 33950461 is divided by 130?
51
What is the remainder when 1050391103 is divided by 1632?
1631
Calculate the remainder when 6079193 is divided by 552645.
98
Calculate the remainder when 1124223 is divided by 5593.
30
Calculate the remainder when 1486167 is divided by 1486160.
7
What is the remainder when 8122 is divided by 1265?
532
What is the remainder when 195159 is divided by 472?
223
Calculate the remainder when 793011 is divided by 198244.
35
Calculate the remainder when 6825338 is divided by 364.
338
What is the remainder when 710632 is divided by 118437?
10
What is the remainder when 131862 is divided by 1304?
158
Calculate the remainder when 6361407 is divided by 5081.
5076
What is the remainder when 125981 is divided by 1157?
1025
Calculate the remainder when 489371 is divided by 4751.
18
Calculate the remainder when 385382 is divided by 1072.
534
Calculate the remainder when 154240 is divided by 17117.
187
Calculate the remainder when 4671480 is divided by 389280.
120
What is the remainder when 27913 is divided by 3486?
25
What is the remainder when 668436 is divided by 44562?
6
What is the remainder when 8885693 is divided by 1480930?
113
Calculate the remainder when 6786168 is divided by 3393079.
10
What is the remainder when 3285374 is divided by 1142?
982
Calculate the remainder when 692472 is divided by 5676.
0
Calculate the remainder when 2010740 is divided by 1005361.
18
Calculate the remainder when 2266995 is divided by 1931.
1
What is the remainder when 17386776 is divided by 2173334?
104
What is the remainder when 3114204 is divided by 1217?
1118
Calculate the remainder when 19549887 is divided by 1007.
996
What is the remainder when 3489365 is divided by 1744677?
11
What is the remainder when 2143163 is divided by 2376?
11
Calculate the remainder when 509284 is divided by 104.
100
What is the remainder when 215458138 is divided by 17954844?
10
What is the remainder when 100520 is divided by 301?
287
What is the remainder when 2799694 is divided by 20?
14
What is the remainder when 29164039 is divided by 6?
1
Calculate the remainder when 358859 is divided by 186.
65
What is the remainder when 253661 is divided by 126206?
1249
What is the remainder when 2431997 is divided by 2389?
2384
What is the remainder when 4536305 is divided by 4536303?
2
Calculate the remainder when 538636 is divided by 1910.
16
Calculate the remainder when 20884 is divided by 3506.
3354
Calculate the remainder when 19990822 is divided by 265.
17
Calculate the remainder when 13704541 is divided by 2522.
2515
What is the remainder when 4319393 is divided by 617055?
8
Calculate the remainder when 923890 is divided by 28871.
18
Calculate the remainder when 17470218 is divided by 4367548.
26
What is the remainder when 3597409 is divided by 41349?
46
What is the remainder when 420279 is divided by 3091?
2994
Calculate the remainder when 27913221 is divided by 12.
9
What is the remainder when 24846 is divided by 1940?
1566
Calculate the remainder when 69488 is divided by 69347.
141
Calculate the remainder when 816785 is divided by 10604.
277
Calculate the remainder when 141840 is divided by 14173.
110
Calculate the remainder when 21351246 is divided by 1861.
1854
Calculate the remainder when 67900 is divided by 67266.
634
What is the remainder when 86406124 is divided by 123791?
6
Calculate the remainder when 761607446 is divided by 56.
54
Calculate the remainder when 313128 is divided by 103991.
